.
2, 11, 23
Suppose 22 = 5*s - 168. Let c = s - 25. Suppose c = a - 3*o, 48 = a - o + 5*o. List the prime factors of a.
2, 7
Let k(d) = 1837*d - 105. What are the prime factors of k(3)?
2, 3, 17, 53
What are the prime factors of 4/6*7242/68?
71
Let l be (3 + -1)*((-629)/2 - -2). Let u = -439 - l. What are the prime factors of u?
2, 3, 31
Let z(s) = 2*s**3 - 4*s**2 - 9*s + 5. Let i be z(6). Let l = i + -144. Suppose 5*d + 4*r - l = 0, -4*d = -0*d + 2*r - 76. List the prime factors of d.
19
Let q(l) = 7*l + 2. Let x be 10/3 + 28/(-21). Let n be 0/(1/1) + x. What are the prime factors of q(n)?
2
Let m be ((-8)/5)/((-408)/(-100) - 4). List the prime factors of 0 - m/5 - -44.
2, 3
Suppose -89 = -4*h - 5*u, 0 = h - 2*u - 3 - 3. Let a(k) = k**3 - 15*k**2 - 8*k - 36. What are the prime factors of a(h)?
2, 23
Let i(m) = -m**3 - m**2 + 3*m - 1. Let j be (-6)/(-39) - 74/(-26). Suppose -3*f + 9 = -2*v, j*f - 2*f - 7 = 2*v. What are the prime factors of i(v)?
2
Let q = -36 - -46. What are the prime factors of (-795)/(-6) + 5/q?
7, 19
Let c = 2 - 19. Let j = -12 - c. Suppose -5*l + 0*m = 4*m - 17, -m = -j*l + 27. What are the prime factors of l?
5
List the prime factors of -2*((-14)/21)/(5/1320).
2, 11
Let b = 40 + -11. Suppose 3*a - 91 = b. What are the prime factors of a?
2, 5
Let s(i) = 3*i + 25 - 5*i - 2*i. Suppose -g + 2*g - 5*o - 15 = 0, -2*o - 6 = 5*g. What are the prime factors of s(g)?
5
List the prime factors of 3572/4 - (-5 + (4 - -3)).
3, 11
Suppose 2*y - 73 - 120 = q, 0 = y - 4*q - 100. Suppose -95*l = -y*l + 218. List the prime factors of l.
2, 109
Let l be (63/5)/(-3)*(1 + 4). Let f = l - -74. List the prime factors of f.
53
Let b be (-28)/(-6) - 1/(-3). Suppose -4*o - 5*j + 81 = 0, -3*o = -6*o - 5*j + 67. Let u = o - b. What are the prime factors of u?
3
Let b = -109 - -112. Suppose 1 = -j + b, 4*z = j + 1042. List the prime factors of z.
3, 29
Let u(r) = 26*r**2 - 23*r + 88. List the prime factors of u(14).
2, 11, 13, 17
Let a(i) = 2*i**2 - 9*i + 4. Let x(l) = -l + 9. Let v be x(4). List the prime factors of a(v).
3
Let i be (-90)/11 - 2/(-11). Let l(g) = -3*g + 4. Let u be l(i). Let m = -11 + u. What are the prime factors of m?
17
Let y be (20/50)/((-2)/10). List the prime factors of 50*(12/(-3))/y.
2, 5
Let b = 12 + -18. Let m be 3 + -1 + (b - -8). Suppose -7*y + m*y + 42 = 0. What are the prime factors of y?
2, 7
What are the prime factors of ((-102)/(-2))/((-5)/(-20*7))?
2, 3, 7, 17
Let v(a) = -a**3 - 9*a**2 + a + 9. Let d be v(-9). Suppose -2*i - 2*r = -d*i - 100, 4*r - 20 = 0. Suppose -3*m - 2*m = -i. List the prime factors of m.
3
Let c(o) = -793*o + 16. List the prime factors of c(-1).
809
Let m = 1277 + 944. List the prime factors of m.
2221
Let t = 74 - 145. Let s = 16 - t. List the prime factors of ((-12)/(-18))/(2/s).
29
Let x = 93 + -99. List the prime factors of 1 - x/(-18) - (-408)/9.
2, 23
Let y(k) = 90*k - 4. Let t be y(3). Let i = t + 41. List the prime factors of i.
307
Let s(f) = -2*f - 6. Let t be s(0). List the prime factors of ((-66)/(-4))/(t/(-12)).
3, 11
Let z(d) = -34*d - 1. Let q be (-10)/(-10) - 2/(-2). Let s be z(q). List the prime factors of (-3)/(2 + s/30).
2, 5
Let k(c) be the second derivative of -7/12*c**4 + 1/20*c**5 + 5*c + 7/2*c**2 + 0 + 1/3*c**3. What are the prime factors of k(7)?
3, 7
Let j = -1392 - -2219. List the prime factors of j.
827
Suppose -53 = -2*g + 9. Suppose 5*o = -2*w + 53, -w + 0*w = -2*o - g. What are the prime factors of w?
29
What are the prime factors of (1*-32)/(((-186)/(-720))/(-31))?
2, 3, 5
Suppose 0 = 3*j - 5342 + 608. What are the prime factors of j?
2, 3, 263
Suppose 1 = -4*c + 9. Suppose -4*a = -c*x - 0*x + 12, 4*x - 44 = 4*a. What are the prime factors of x?
2
Suppose 5*h - 23 = -23. Suppose h = o - 3*o + 2*w + 428, o + 5*w = 226. List the prime factors of o.
2, 3
Let k(c) = -52*c - 98. List the prime factors of k(-10).
2, 211
Let a be (-54)/(-10) + 4/(-10). Suppose -94*k + 96*k - 136 = 0. What are the prime factors of k/a + 3/(-5)?
13
Let p be -18*(-8)/6 + -4. Suppose 2*f = 1 + 7, -p = -k + 2*f. List the prime factors of k.
2, 7
Let t(r) = 32*r - 406. What are the prime factors of t(34)?
2, 11, 31
Let v(n) = 2 + 3 + 4*n**2 + 3*n**2 - 2*n**3 + n + 3*n**3. List the prime factors of v(-6).
5, 7
Let r(n) = 39*n**2 - 4*n - 1. Suppose 8*p = 9 + 7. What are the prime factors of r(p)?
3, 7
Let h = -17 - -5. Let b = -20 - h. Let j = b + 19. List the prime factors of j.
11
Let l = 46 + -42. Suppose 0 = -2*n + l + 106. What are the prime factors of n?
5, 11
Let a(d) = d**2 + 6*d + 6. Let c be a(-4). List the prime factors of (-1)/c*(-152)/(-2).
2, 19
Let v = -3 + 108. Suppose 791 - v = 7*g. List the prime factors of g.
2, 7
Suppose 4 = -t + 2*o, -5*o + 15 = -t - 1. What are the prime factors of (46/(-69))/(t/(-30))?
5
Let y = 80 - 3. Suppose 3*m = 10 + y. What are the prime factors of m?
29
Let m be 14 - 9 - (3 - 0). Suppose 12 = m*s - 2. Suppose 0 = s*l - 8*l + 14. List the prime factors of l.
2, 7
Let s(w) = 3*w**2 - 4*w - 1. Let o be s(2). Suppose 4*f = -3*n + 361, -153 - 124 = -o*f - n. List the prime factors of f.
2, 47
Let h(t) = t**2 + 23*t**3 + 0*t + 0*t. Let n(w) = -w**3 + 3*w**2 + 15*w + 19. Let y be n(6). List the prime factors of h(y).
2, 3
Suppose b + 13 = -5*y, -4*y + 3*y + 31 = 3*b. Suppose -3 = -v - 3*g + 1, -4*g - b = -3*v. Suppose -f + 85 = v*f. List the prime factors of f.
17
Let o = -1716 + 5117. List the prime factors of o.
19, 179
Suppose -2677 = -3*o - 3*p - 2*p, 0 = -2*o - 4*p + 1784. What are the prime factors of o?
2, 3, 149
Suppose 16*c = 14575 + 12513. List the prime factors of c.
1693
Let u(k) = -k**3 + 5*k**2 + 2. Let d be u(5). Suppose -d*j + j = -48. List the prime factors of j.
2, 3
Let x = 241 + 54. What are the prime factors of x?
5, 59
Let h = 12 - 12. Suppose h*m = -2*m + 2*u + 46, 0 = 3*u + 12. Let z = m - 2. List the prime factors of z.
17
Let i = -22 + 1. Let o = -31 - -73. Let u = i + o. What are the prime factors of u?
3, 7
Let z(s) be the first derivative of s**6/40 + s**3/6 + s**2/2 - 4. Let u(d) be the second derivative of z(d). List the prime factors of u(2).
5
Let j = 8 + 16. Suppose 0*n = 3*n - j. What are the prime factors of n?
2
Suppose 36*b - 29600 - 16840 = 0. What are the prime factors of b?
2, 3, 5, 43
Let a = 3387 - 1686. List the prime factors of a.
3, 7
Let o(r) = r**3 + 5*r**2 + 4*r - 4. Suppose -3*m = 18 - 6. Let p be o(m). Let a = p - -46. What are the prime factors of a?
2, 3, 7
Let m(h) = h**3 - 19*h**2 + h - 19. Let a be m(19). Suppose a = 2*v - 2 - 8. Suppose -v*i + 22 = -18. What are the prime factors of i?
2
Suppose 0 = -4*n + 823 + 1. What are the prime factors of n?
2, 103
Let x(t) = -44*t + 89. What are the prime factors of x(-21)?
1013
List the prime factors of -2076*(1/(-10))/(68/510).
3, 173
Suppose -4*u + 0*u - 124 = 0. Let z = 23 + u. Let p(l) = l**3 + 10*l**2 + 6*l - 2. What are the prime factors of p(z)?
2, 3, 13
Let y be 144/(-10) - (-2)/5. Let d(z) = 2*z. Let f be d(-4). Let x = f - y. What are the prime factors of x?
2, 3
List the prime factors of ((-25)/(-10))/(6/6588).
3, 5, 61
Suppose g - 9 = -3. Suppose -o + g*o - 20 = 0. Suppose 0 = -2*q + l + 48, -5*q + q + 120 = o*l. List the prime factors of q.
2, 13
Let l(u) = -5*u**2 + u + 3. Let a be l(2). What are the prime factors of ((-110)/a)/((-6)/(-45))?
5, 11
Let f be (-5)/10 + 27/(-2). Let q be f/35 + (-2)/(-5). Suppose q = 2*j - 7 - 25. What are the prime factors of j?
2
Let r = -24 - -31. Suppose r*j + 114 = 10*j. What are the prime factors of j?
2, 19
Let a = 138 - 56. List the prime factors of a.
2, 41
Let g be (2/6)/((-1)/(-12)). Suppose -2*r + 322 = c, g*c - 805 = -5*r - c. What are the prime factors of r?
7, 23
Let t be -2*3/(-18)*3*-199. Let q = 385 + t. What are the prime factors of q?
2, 3, 31
Suppose 6*p - 3148 = 3668. Suppose h + h - 1144 = -5*x, 5*x - p = 2*h. What are the prime factors of x?
2, 3, 19
List the prime factors of 140/8*(-9 + 25).
2, 5, 7
Let o(w) = 27*w - 748. What are the prime factors of o(48)?
2, 137
Suppose 0 = 40*p - 43*p + 258. Suppose 2*y - p = 20. List the prime factors of y.
53
Suppose 0 = 13*j - 5*j - 1992. Suppose 5*p - j = 811. What are the prime factors of p?
2, 53
Let w be -6*4/(-12) - -12. Let n(z) = z**3 -